e remainder when 934 is divided by 78?
76
What is the remainder when 197 is divided by 34?
27
What is the remainder when 28 is divided by 24?
4
Calculate the remainder when 241 is divided by 26.
7
Calculate the remainder when 492 is divided by 55.
52
Calculate the remainder when 15471 is divided by 67.
61
What is the remainder when 226 is divided by 72?
10
Calculate the remainder when 959 is divided by 31.
29
What is the remainder when 2468 is divided by 205?
8
Calculate the remainder when 12 is divided by 10.
2
Calculate the remainder when 98 is divided by 90.
8
What is the remainder when 270 is divided by 91?
88
Calculate the remainder when 266 is divided by 17.
11
What is the remainder when 173 is divided by 9?
2
What is the remainder when 725 is divided by 23?
12
What is the remainder when 2333 is divided by 167?
162
Calculate the remainder when 1062 is divided by 27.
9
What is the remainder when 323 is divided by 54?
53
What is the remainder when 431 is divided by 105?
11
Calculate the remainder when 239 is divided by 77.
8
What is the remainder when 30 is divided by 9?
3
Calculate the remainder when 320 is divided by 128.
64
What is the remainder when 21975 is divided by 164?
163
What is the remainder when 37 is divided by 8?
5
What is the remainder when 17797 is divided by 10?
7
Calculate the remainder when 1018 is divided by 60.
58
What is the remainder when 107 is divided by 26?
3
What is the remainder when 93 is divided by 11?
5
What is the remainder when 2895 is divided by 138?
135
What is the remainder when 886 is divided by 152?
126
What is the remainder when 434 is divided by 215?
4
What is the remainder when 187 is divided by 33?
22
Calculate the remainder when 444 is divided by 28.
24
What is the remainder when 461 is divided by 14?
13
Calculate the remainder when 849 is divided by 85.
84
Calculate the remainder when 1013 is divided by 189.
68
What is the remainder when 275 is divided by 28?
23
What is the remainder when 19683 is divided by 34?
31
What is the remainder when 530 is divided by 343?
187
Calculate the remainder when 531 is divided by 13.
11
What is the remainder when 9654 is divided by 142?
140
Calculate the remainder when 664 is divided by 29.
26
What is the remainder when 27070 is divided by 32?
30
Calculate the remainder when 142 is divided by 32.
14
Calculate the remainder when 25 is divided by 14.
11
Calculate the remainder when 997 is divided by 19.
9
Calculate the remainder when 249 is divided by 26.
15
What is the remainder when 175 is divided by 4?
3
Calculate the remainder when 453 is divided by 228.
225
Calculate the remainder when 1650 is divided by 528.
66
What is the remainder when 627 is divided by 160?
147
Calculate the remainder when 2291 is divided by 17.
13
What is the remainder when 5925 is divided by 349?
341
Calculate the remainder when 99 is divided by 20.
19
What is the remainder when 67 is divided by 21?
4
What is the remainder when 138 is divided by 38?
24
What is the remainder when 176 is divided by 12?
8
Calculate the remainder when 139 is divided by 34.
3
What is the remainder when 380 is divided by 207?
173
What is the remainder when 62 is divided by 9?
8
Calculate the remainder when 959 is divided by 350.
259
Calculate the remainder when 65 is divided by 20.
5
Calculate the remainder when 583 is divided by 74.
65
What is the remainder when 414 is divided by 8?
6
What is the remainder when 490 is divided by 86?
60
What is the remainder when 22897 is divided by 25?
22
Calculate the remainder when 38 is divided by 31.
7
Calculate the remainder when 2435 is divided by 58.
57
What is the remainder when 53 is divided by 6?
5
What is the remainder when 194 is divided by 17?
7
Calculate the remainder when 428 is divided by 27.
23
Calculate the remainder when 366 is divided by 93.
87
Calculate the remainder when 13022 is divided by 37.
35
Calculate the remainder when 227 is divided by 35.
17
What is the remainder when 406 is divided by 136?
134
What is the remainder when 24 is divided by 11?
2
What is the remainder when 87 is divided by 13?
9
Calculate the remainder when 9828 is divided by 149.
143
Calculate the remainder when 413 is divided by 8.
5
Calculate the remainder when 1923 is divided by 25.
23
What is the remainder when 1439 is divided by 17?
11
Calculate the remainder when 555 is divided by 123.
63
Calculate the remainder when 5100 is divided by 7.
4
Calculate the remainder when 59207 is divided by 24.
23
What is the remainder when 157 is divided by 93?
64
What is the remainder when 633 is divided by 122?
23
What is the remainder when 867 is divided by 97?
91
Calculate the remainder when 514 is divided by 184.
146
What is the remainder when 243 is divided by 65?
48
What is the remainder when 193 is divided by 62?
7
Calculate the remainder when 404 is divided by 130.
14
Calculate the remainder when 630 is divided by 608.
22
Calculate the remainder when 697 is divided by 100.
97
What is the remainder when 2773 is divided by 19?
18
What is the remainder when 3720 is divided by 98?
94
Calculate the remainder when 188 is divided by 34.
18
Calculate the remainder when 428 is divided by 54.
50
What is the remainder when 84 is divided by 24?
12
What is the remainder when 347 is divided by 25?
22
Calculate the remainder when 337 is divided by 10.
7
What is the remainder when 244 is divided by 46?
14
What is the remainder when 7501 is divided by 62?
61
What is the remainder when 2191 is divided by 238?
49
Calculate the remainder when 754 is divided by 163.
102
Calculate the remainder when 116 is divided by 26.
12
Calculate the remainder when 74 is divided by 52.
22
What is the remainder when 324 is divided by 41?
37
What is the remainder when 228 is divided by 11?
8
Calculate the remainder when 5 is divided by 1.
0
Calculate the remainder when 150 is divided by 79.
71
What is the remainder when 150 is divided by 44?
18
What is the remainder when 74 is divided by 25?
24
Calculate the remainder when 157 is divided by 56.
45
Calculate the remainder when 110 is divided by 32.
14
What is the remainder when 343 is divided by 43?
42
What is the remainder when 712 is divided by 31?
30
Calculate the remainder when 108 is divided by 55.
53
What is the remainder when 181 is divided by 13?
12
What is the remainder when 329 is divided by 29?
10
What is the remainder when 261 is divided by 16?
5
What is the remainder when 1341 is divided by 79?
77
Calculate the remainder when 447 is divided by 7.
6
What is the remainder when 498 is divided by 20?
18
What is the remainder when 21 is divided by 11?
10
What is the remainder when 227 is divided by 224?
3
What is the remainder when 206 is divided by 6?
2
Calculate the remainder when 104 is divided by 24.
8
Calculate the remainder when 4226 is divided by 157.
144
What is the remainder when 239 is divided by 70?
29
Calculate the remainder when 1425 is divided by 46.
45
Calculate the remainder when 50 is divided by 13.
11
Calculate the remainder when 408 is divided by 71.
53
What is the remainder when 304 is divided by 46?
28
Calculate the remainder when 30 is divided by 8.
6
Calculate the remainder when 14 is divided by 6.
2
What is the remainder when 640 is divided by 112?
80
Calculate the remainder when 427 is divided by 45.
22
Calculate the remainder when 18346 is divided by 22.
20
Calculate the remainder when 368 is divided by 96.
80
What is the remainder when 21669 is divided by 12?
9
What is the remainder when 274 is divided by 25?
24
What is the remainder when 141 is divided by 44?
9
What is the remainder when 1130 is divided by 162?
158
Calculate the remainder when 1937 is divided by 3.
2
What is the remainder when 308 is divided by 95?
23
What is the remainder when 2135 is divided by 12?
11
Calculate the remainder when 951 is divided by 119.
118
Calculate the remainder when 47 is divided by 19.
9
What is the remainder when 1015 is divided by 10?
5
Calculate the remainder when 1935 is divided by 102.
99
What is the remainder when 250 is divided by 63?
61
Calculate the remainder when 3943 is divided by 14.
9
Calculate the remainder when 679 is divided by 76.
71
Calculate the remainder when 1337 is divided by 108.
41
What is the remainder when 142 is d